{"id":4025,"date":"2023-09-21T10:44:29","date_gmt":"2023-09-21T10:44:29","guid":{"rendered":"https:\/\/brigetio.hu\/?post_type=rendezvenyek&#038;p=4025"},"modified":"2023-09-21T10:44:32","modified_gmt":"2023-09-21T10:44:32","slug":"konyvbemutato-ez-van","status":"publish","type":"rendezvenyek","link":"https:\/\/brigetio.hu\/en\/rendezvenyek\/konyvbemutato-ez-van\/","title":{"rendered":"K\u00f6nyvbemutat\u00f3: Ez van"},"content":{"rendered":"\n<p><em>&#8220;Nem k\u00f6t\u0151d\u0151m a kateg\u00f3ri\u00e1khoz, \u00edgy nem is szeretn\u00e9m defini\u00e1lni a saj\u00e1t munk\u00e1ss\u00e1gomat. Amit fontosnak tartok: A fotogr\u00e1fia els\u0151rend\u0171 t\u00e9m\u00e1ja az ember, meg az embert k\u00f6r\u00fclvev\u0151 k\u00f6rnyezet, az is, amit az ember \u00e9p\u00edt \u00e9s az is, amit az ember t\u00f6nkretesz. A m\u0171v\u00e9sznek feladata mindezt r\u00f6gz\u00edteni, ebben a k\u00e9rd\u00e9sk\u00f6rben alkotni. Ezt lehet dokumentarista m\u00f3don \u00e9s lehet \u00fagynevezett kreat\u00edv m\u00f3don tenni, amikor az alkot\u00f3 \u00e1trendezi a val\u00f3s\u00e1got. R\u00e1m ink\u00e1bb az els\u0151, a val\u00f3s\u00e1g tisztelete \u2013 lek\u00e9pez\u00e9se jellemz\u0151, de nekem fontos a vizu\u00e1lis nyelv \u00e9s a vizu\u00e1lis kifejez\u00e9si m\u00f3d, amikor k\u00e9pet k\u00e9sz\u00edtek. Szeretn\u00e9m ezt min\u00e9l kevesebb verb\u00e1lis inform\u00e1ci\u00f3 ig\u00e9nybe v\u00e9tel\u00e9vel megoldani \u00e9s rem\u00e9lem ez n\u00e9ha siker\u00fcl is.&#8221;<\/em><\/p>\n\n\n\n<p class=\"has-text-align-right\">Szam\u00f3dy Zsolt Olaf<\/p>\n","protected":false},"featured_media":4026,"parent":0,"menu_order":0,"template":"","class_list":["post-4025","rendezvenyek","type-rendezvenyek","status-publish","has-post-thumbnail","hentry"],"acf":[],"_links":{"self":[{"href":"https:\/\/brigetio.hu\/en\/wp-json\/wp\/v2\/rendezvenyek\/4025","targetHints":{"allow":["GET"]}}],"collection":[{"href":"https:\/\/brigetio.hu\/en\/wp-json\/wp\/v2\/rendezvenyek"}],"about":[{"href":"https:\/\/brigetio.hu\/en\/wp-json\/wp\/v2\/types\/rendezvenyek"}],"wp:featuredmedia":[{"embeddable":true,"href":"https:\/\/brigetio.hu\/en\/wp-json\/wp\/v2\/media\/4026"}],"wp:attachment":[{"href":"https:\/\/brigetio.hu\/en\/wp-json\/wp\/v2\/media?parent=4025"}],"curies":[{"name":"wp","href":"https:\/\/api.w.org\/{rel}","templated":true}]}}

Könyvbemutató: Ez van

<p><em>&#8220;Nem kötődőm a kategóriákhoz, így nem is szeretném definiálni a saját munkásságomat. Amit fontosnak tartok: A fotográfia elsőrendű témája az ember, meg az embert körülvevő környezet, az is, amit az ember épít és az is, amit az ember tönkretesz. A művésznek feladata mindezt rögzíteni, ebben a kérdéskörben alkotni. Ezt lehet dokumentarista módon és lehet úgynevezett kreatív módon tenni, amikor az alkotó átrendezi a valóságot. Rám inkább az első, a valóság tisztelete – leképezése jellemző, de nekem fontos a vizuális nyelv és a vizuális kifejezési mód, amikor képet készítek. Szeretném ezt minél kevesebb verbális információ igénybe vételével megoldani és remélem ez néha sikerül is.&#8221;</em></p>



<p class="has-text-align-right">Szamódy Zsolt Olaf</p>
