{"id":4035,"date":"2023-10-03T08:19:29","date_gmt":"2023-10-03T08:19:29","guid":{"rendered":"https:\/\/brigetio.hu\/?post_type=rendezvenyek&#038;p=4035"},"modified":"2023-10-03T11:48:17","modified_gmt":"2023-10-03T11:48:17","slug":"muzeumok-oszi-fesztivalja","status":"publish","type":"rendezvenyek","link":"https:\/\/brigetio.hu\/en\/rendezvenyek\/muzeumok-oszi-fesztivalja\/","title":{"rendered":"M\u00fazeumok \u0151szi fesztiv\u00e1lja"},"content":{"rendered":"\n<p><strong>2023.10 .13. 14:00<\/strong><br><em>Barangol\u00e1s a d\u00e9l-kom\u00e1romi temet\u0151ben.<\/em><\/p>\n\n\n\n<p><strong>2023.10.31. 18:00<\/strong><br><em>Gyertyaf\u00e9nyes t\u00e1rlatvezet\u00e9s keret\u00e9ben a m\u00fazeum \u00e1ldozatair\u00f3l r\u00f6vid t\u00f6rt\u00e9netek.<\/em><\/p>\n\n\n\n<p><strong>2023.11.07. 17:00<\/strong><br><em>S\u00f6rt\u00f6rt\u00e9neti el\u0151ad\u00e1s.<\/em><\/p>\n","protected":false},"featured_media":4039,"parent":0,"menu_order":0,"template":"","class_list":["post-4035","rendezvenyek","type-rendezvenyek","status-publish","has-post-thumbnail","hentry"],"acf":[],"_links":{"self":[{"href":"https:\/\/brigetio.hu\/en\/wp-json\/wp\/v2\/rendezvenyek\/4035","targetHints":{"allow":["GET"]}}],"collection":[{"href":"https:\/\/brigetio.hu\/en\/wp-json\/wp\/v2\/rendezvenyek"}],"about":[{"href":"https:\/\/brigetio.hu\/en\/wp-json\/wp\/v2\/types\/rendezvenyek"}],"wp:featuredmedia":[{"embeddable":true,"href":"https:\/\/brigetio.hu\/en\/wp-json\/wp\/v2\/media\/4039"}],"wp:attachment":[{"href":"https:\/\/brigetio.hu\/en\/wp-json\/wp\/v2\/media?parent=4035"}],"curies":[{"name":"wp","href":"https:\/\/api.w.org\/{rel}","templated":true}]}}

Múzeumok őszi fesztiválja

<p><strong>2023.10 .13. 14:00</strong><br><em>Barangolás a dél-komáromi temetőben.</em></p>



<p><strong>2023.10.31. 18:00</strong><br><em>Gyertyafényes tárlatvezetés keretében a múzeum áldozatairól rövid történetek.</em></p>



<p><strong>2023.11.07. 17:00</strong><br><em>Sörtörténeti előadás.</em></p>
