{"id":4254,"date":"2024-06-06T06:18:21","date_gmt":"2024-06-06T06:18:21","guid":{"rendered":"https:\/\/brigetio.hu\/?post_type=rendezvenyek&#038;p=4254"},"modified":"2024-06-06T06:18:24","modified_gmt":"2024-06-06T06:18:24","slug":"az-1918-as-piavei-csataban-hosi-halalt-halt-huszarok-tiszteletere-rendezendo-megemlekezes-2","status":"publish","type":"rendezvenyek","link":"https:\/\/brigetio.hu\/en\/rendezvenyek\/az-1918-as-piavei-csataban-hosi-halalt-halt-huszarok-tiszteletere-rendezendo-megemlekezes-2\/","title":{"rendered":"Az 1918-as piavei csat\u00e1ban h\u0151si hal\u00e1lt halt husz\u00e1rok tisztelet\u00e9re rendezend\u0151 megeml\u00e9kez\u00e9s"},"content":{"rendered":"","protected":false},"featured_media":4255,"parent":0,"menu_order":0,"template":"","class_list":["post-4254","rendezvenyek","type-rendezvenyek","status-publish","has-post-thumbnail","hentry"],"acf":[],"_links":{"self":[{"href":"https:\/\/brigetio.hu\/en\/wp-json\/wp\/v2\/rendezvenyek\/4254","targetHints":{"allow":["GET"]}}],"collection":[{"href":"https:\/\/brigetio.hu\/en\/wp-json\/wp\/v2\/rendezvenyek"}],"about":[{"href":"https:\/\/brigetio.hu\/en\/wp-json\/wp\/v2\/types\/rendezvenyek"}],"wp:featuredmedia":[{"embeddable":true,"href":"https:\/\/brigetio.hu\/en\/wp-json\/wp\/v2\/media\/4255"}],"wp:attachment":[{"href":"https:\/\/brigetio.hu\/en\/wp-json\/wp\/v2\/media?parent=4254"}],"curies":[{"name":"wp","href":"https:\/\/api.w.org\/{rel}","templated":true}]}}

Az 1918-as piavei csatában hősi halált halt huszárok tiszteletére rendezendő megemlékezés
