{"id":4397,"date":"2024-10-20T07:19:52","date_gmt":"2024-10-20T07:19:52","guid":{"rendered":"https:\/\/brigetio.hu\/?post_type=rendezvenyek&#038;p=4397"},"modified":"2024-10-20T07:19:53","modified_gmt":"2024-10-20T07:19:53","slug":"a-375-11-17-en-meghalt-i-valentinianus-csaszarra-emlekezunk","status":"publish","type":"rendezvenyek","link":"https:\/\/brigetio.hu\/en\/rendezvenyek\/a-375-11-17-en-meghalt-i-valentinianus-csaszarra-emlekezunk\/","title":{"rendered":"A 375. 11. 17-\u00e9n meghalt I. Valentinianus cs\u00e1sz\u00e1rra eml\u00e9kez\u00fcnk"},"content":{"rendered":"","protected":false},"featured_media":4398,"parent":0,"menu_order":0,"template":"","class_list":["post-4397","rendezvenyek","type-rendezvenyek","status-publish","has-post-thumbnail","hentry"],"acf":[],"_links":{"self":[{"href":"https:\/\/brigetio.hu\/en\/wp-json\/wp\/v2\/rendezvenyek\/4397","targetHints":{"allow":["GET"]}}],"collection":[{"href":"https:\/\/brigetio.hu\/en\/wp-json\/wp\/v2\/rendezvenyek"}],"about":[{"href":"https:\/\/brigetio.hu\/en\/wp-json\/wp\/v2\/types\/rendezvenyek"}],"wp:featuredmedia":[{"embeddable":true,"href":"https:\/\/brigetio.hu\/en\/wp-json\/wp\/v2\/media\/4398"}],"wp:attachment":[{"href":"https:\/\/brigetio.hu\/en\/wp-json\/wp\/v2\/media?parent=4397"}],"curies":[{"name":"wp","href":"https:\/\/api.w.org\/{rel}","templated":true}]}}

A 375. 11. 17-én meghalt I. Valentinianus császárra emlékezünk
