{"id":4612,"date":"2025-09-05T12:48:29","date_gmt":"2025-09-05T12:48:29","guid":{"rendered":"https:\/\/brigetio.hu\/?post_type=rendezvenyek&#038;p=4612"},"modified":"2025-09-11T11:10:58","modified_gmt":"2025-09-11T11:10:58","slug":"zakarias-jozsef-elete-es-az-aranycsapat-tortenete","status":"publish","type":"rendezvenyek","link":"https:\/\/brigetio.hu\/en\/rendezvenyek\/zakarias-jozsef-elete-es-az-aranycsapat-tortenete\/","title":{"rendered":"Zakari\u00e1s J\u00f3zsef \u00e9lete \u00e9s az Aranycsapat t\u00f6rt\u00e9nete"},"content":{"rendered":"","protected":false},"featured_media":4620,"parent":0,"menu_order":0,"template":"","class_list":["post-4612","rendezvenyek","type-rendezvenyek","status-publish","has-post-thumbnail","hentry"],"acf":[],"_links":{"self":[{"href":"https:\/\/brigetio.hu\/en\/wp-json\/wp\/v2\/rendezvenyek\/4612","targetHints":{"allow":["GET"]}}],"collection":[{"href":"https:\/\/brigetio.hu\/en\/wp-json\/wp\/v2\/rendezvenyek"}],"about":[{"href":"https:\/\/brigetio.hu\/en\/wp-json\/wp\/v2\/types\/rendezvenyek"}],"wp:featuredmedia":[{"embeddable":true,"href":"https:\/\/brigetio.hu\/en\/wp-json\/wp\/v2\/media\/4620"}],"wp:attachment":[{"href":"https:\/\/brigetio.hu\/en\/wp-json\/wp\/v2\/media?parent=4612"}],"curies":[{"name":"wp","href":"https:\/\/api.w.org\/{rel}","templated":true}]}}

Zakariás József élete és az Aranycsapat története
