{"id":4642,"date":"2025-10-07T06:13:47","date_gmt":"2025-10-07T06:13:47","guid":{"rendered":"https:\/\/brigetio.hu\/?post_type=rendezvenyek&#038;p=4642"},"modified":"2025-10-29T14:42:26","modified_gmt":"2025-10-29T14:42:26","slug":"allando-valtozasban-alkotoi-palyazat","status":"publish","type":"rendezvenyek","link":"https:\/\/brigetio.hu\/en\/rendezvenyek\/allando-valtozasban-alkotoi-palyazat\/","title":{"rendered":"\u00c1lland\u00f3 v\u00e1ltoz\u00e1sban \u2013 alkot\u00f3i p\u00e1ly\u00e1zat"},"content":{"rendered":"\n<p>A Kom\u00e1romi Klapka Gy\u00f6rgy M\u00fazeum p\u00e1ly\u00e1zati felh\u00edv\u00e1sa Divat t\u00e9m\u00e1j\u00fa k\u00e9pz\u0151- \u00e9s<br>iparm\u0171v\u00e9szeti alkot\u00e1sok k\u00e9sz\u00edt\u00e9s\u00e9re \u00e9s bek\u00fcld\u00e9s\u00e9re.<\/p>\n\n\n\n<ul class=\"wp-block-list\">\n<li>\u00d3kori, n\u00e9pi, vagy katonai egyenruha viseletek jellegzetess\u00e9geinek felhaszn\u00e1l\u00e1s\u00e1val<br>tervezzetek, k\u00e9sz\u00edtsetek egyedi tervez\u00e9s\u0171 ruh\u00e1t, vagy kieg\u00e9sz\u00edt\u0151t!<\/li>\n\n\n\n<li>Kiemelhetitek az extr\u00e9mit\u00e1sokat, vegy\u00edthetitek a korszakokat \u00e9s st\u00edlusokat.<\/li>\n\n\n\n<li>Rajzi terveket is sz\u00edvesen fogadunk, de lehet szobor, domborm\u0171, koll\u00e1zs stb.<\/li>\n\n\n\n<li>\u00c1br\u00e1zolhatod az embert, aki viseli az \u00e1ltalad tervezett ruh\u00e1t, vagy kieg\u00e9sz\u00edt\u0151t, de \u00e1br\u00e1zolhatod<br>csak a ruh\u00e1t, vagy a kieg\u00e9sz\u00edt\u0151t.<\/li>\n\n\n\n<li>Varrhattok \u00fajrahasznos\u00edtott, \u00fajragondolt ruh\u00e1t, amit egy \u00e1ltalatok v\u00e1lasztott modellre<br>m\u00e9retezhettek, vagy ak\u00e1r egy j\u00e1t\u00e9kbab\u00e1ra. \u00c1talak\u00edthatod egyik megunt ruhadarabodat is.<\/li>\n\n\n\n<li>T\u0171z\u00f6tt, ragasztott kre\u00e1ci\u00f3t is beadhatsz.<\/li>\n\n\n\n<li>A ruh\u00e1khoz \u00e9s a kieg\u00e9sz\u00edt\u0151kh\u00f6z is haszn\u00e1lhat\u00f3 ak\u00e1r vegyesen sokf\u00e9le anyag, p\u00e9ld\u00e1ul term\u00e9sek,<br>n\u00f6v\u00e9nyek, pap\u00edr, dr\u00f3t, f\u00f6l\u00f6slegess\u00e9 v\u00e1lt apr\u00f3 eszk\u00f6z\u00f6k, t\u00e1rgyak stb.<\/li>\n\n\n\n<li>K\u00e9sz\u00edthettek dolgozatot, esetleg bemutat\u00f3 prezent\u00e1ci\u00f3t arr\u00f3l, hogy a k\u00fcls\u0151 megjelen\u00e9s\u00fckkel<br>hogyan mutatj\u00e1k az emberek, hogy egy adott k\u00f6z\u00f6ss\u00e9ghez tartoznak.<\/li>\n\n\n\n<li>P\u00e1rban, vagy csoportban is lehet dolgozni a p\u00e1lyamunk\u00e1kon.<\/li>\n\n\n\n<li>Mer\u00edthettek ihletet az ingyenesen l\u00e1togathat\u00f3 m\u00fazeumunk ki\u00e1ll\u00edt\u00e1saib\u00f3l, f\u00e9nyk\u00e9pezhettek,<br>rajzolhattok a f\u0151 telephely\u00fcnk\u00f6n, a Brigetio \u00d6r\u00f6ks\u00e9ge L\u00e1togat\u00f3k\u00f6zpontban \u00e9s a N\u00e9prajzi<br>L\u00e1tv\u00e1nyrakt\u00e1rban. A d\u00edjkioszt\u00f3 \u00fcnneps\u00e9g november 7-\u00e9n a M\u00fazeumok \u0150szi Fesztiv\u00e1lj\u00e1hoz kapcsolva ker\u00fcl megrendez\u00e9sre.<\/li>\n<\/ul>\n\n\n\n<p><strong>Kateg\u00f3ri\u00e1k:<\/strong><\/p>\n\n\n\n<ol class=\"wp-block-list\">\n<li>\u00f3voda<\/li>\n\n\n\n<li>als\u00f3 tagozat<\/li>\n\n\n\n<li>fels\u0151 tagozat<\/li>\n\n\n\n<li>k\u00f6z\u00e9piskola<\/li>\n\n\n\n<li>egy\u00e9ni (korhat\u00e1r n\u00e9lk\u00fcl b\u00e1rki)<\/li>\n<\/ol>\n\n\n\n<p><strong>A p\u00e1ly\u00e1zat beny\u00fajt\u00e1sa:<\/strong><br>A p\u00e1lyam\u0171veket az al\u00e1bbi c\u00edmre k\u00e9rj\u00fck post\u00e1zni, vagy szem\u00e9lyesen eljuttatni!<br> Brigetio \u00d6r\u00f6ks\u00e9ge L\u00e1togat\u00f3k\u00f6zpont, Kom\u00e1rom, Igm\u00e1ndi \u00fat 38., 2900<br>A szem\u00e9lyesen behozott alkot\u00e1sokat keddt\u0151l vas\u00e1rnapig 9:00- t\u00f3l 16:00-ig vessz\u00fck \u00e1t.<br>Az alkot\u00e1sokon szerepeljen az alkot\u00f3 neve, a m\u0171 c\u00edme, iskola, vagy \u00f3voda neve (egy\u00e9ni<br>p\u00e1ly\u00e1z\u00f3 eset\u00e9n nem kell), a felk\u00e9sz\u00edt\u0151 tan\u00e1r neve (egy\u00e9ni p\u00e1ly\u00e1z\u00f3 eset\u00e9n nem kell), egy\u00e9ni p\u00e1ly\u00e1z\u00f3 eset\u00e9n email c\u00edmet \u00e9s telefonsz\u00e1mot k\u00e9r\u00fcnk.<br><strong>Hat\u00e1rid\u0151: 2025. november 5.<\/strong><br>A p\u00e1ly\u00e1zattal kapcsolatban \u00e9rdekl\u0151dhettek a +36 70 353 2230 -os telefonsz\u00e1mon, vagy a<br>muzeumpedagogia@brigetio.hu email c\u00edmen.<\/p>\n","protected":false},"featured_media":4676,"parent":0,"menu_order":0,"template":"","class_list":["post-4642","rendezvenyek","type-rendezvenyek","status-publish","has-post-thumbnail","hentry"],"acf":[],"_links":{"self":[{"href":"https:\/\/brigetio.hu\/en\/wp-json\/wp\/v2\/rendezvenyek\/4642","targetHints":{"allow":["GET"]}}],"collection":[{"href":"https:\/\/brigetio.hu\/en\/wp-json\/wp\/v2\/rendezvenyek"}],"about":[{"href":"https:\/\/brigetio.hu\/en\/wp-json\/wp\/v2\/types\/rendezvenyek"}],"wp:featuredmedia":[{"embeddable":true,"href":"https:\/\/brigetio.hu\/en\/wp-json\/wp\/v2\/media\/4676"}],"wp:attachment":[{"href":"https:\/\/brigetio.hu\/en\/wp-json\/wp\/v2\/media?parent=4642"}],"curies":[{"name":"wp","href":"https:\/\/api.w.org\/{rel}","templated":true}]}}

Állandó változásban – alkotói pályázat

<p>A Komáromi Klapka György Múzeum pályázati felhívása Divat témájú képző- és<br>iparművészeti alkotások készítésére és beküldésére.</p>



<ul class="wp-block-list">
<li>Ókori, népi, vagy katonai egyenruha viseletek jellegzetességeinek felhasználásával<br>tervezzetek, készítsetek egyedi tervezésű ruhát, vagy kiegészítőt!</li>



<li>Kiemelhetitek az extrémitásokat, vegyíthetitek a korszakokat és stílusokat.</li>



<li>Rajzi terveket is szívesen fogadunk, de lehet szobor, dombormű, kollázs stb.</li>



<li>Ábrázolhatod az embert, aki viseli az általad tervezett ruhát, vagy kiegészítőt, de ábrázolhatod<br>csak a ruhát, vagy a kiegészítőt.</li>



<li>Varrhattok újrahasznosított, újragondolt ruhát, amit egy általatok választott modellre<br>méretezhettek, vagy akár egy játékbabára. Átalakíthatod egyik megunt ruhadarabodat is.</li>



<li>Tűzött, ragasztott kreációt is beadhatsz.</li>



<li>A ruhákhoz és a kiegészítőkhöz is használható akár vegyesen sokféle anyag, például termések,<br>növények, papír, drót, fölöslegessé vált apró eszközök, tárgyak stb.</li>



<li>Készíthettek dolgozatot, esetleg bemutató prezentációt arról, hogy a külső megjelenésükkel<br>hogyan mutatják az emberek, hogy egy adott közösséghez tartoznak.</li>



<li>Párban, vagy csoportban is lehet dolgozni a pályamunkákon.</li>



<li>Meríthettek ihletet az ingyenesen látogatható múzeumunk kiállításaiból, fényképezhettek,<br>rajzolhattok a fő telephelyünkön, a Brigetio Öröksége Látogatóközpontban és a Néprajzi<br>Látványraktárban. A díjkiosztó ünnepség november 7-én a Múzeumok Őszi Fesztiváljához kapcsolva kerül megrendezésre.</li>
</ul>



<p><strong>Kategóriák:</strong></p>



<ol class="wp-block-list">
<li>óvoda</li>



<li>alsó tagozat</li>



<li>felső tagozat</li>



<li>középiskola</li>



<li>egyéni (korhatár nélkül bárki)</li>
</ol>



<p><strong>A pályázat benyújtása:</strong><br>A pályaműveket az alábbi címre kérjük postázni, vagy személyesen eljuttatni!<br> Brigetio Öröksége Látogatóközpont, Komárom, Igmándi út 38., 2900<br>A személyesen behozott alkotásokat keddtől vasárnapig 9:00- tól 16:00-ig vesszük át.<br>Az alkotásokon szerepeljen az alkotó neve, a mű címe, iskola, vagy óvoda neve (egyéni<br>pályázó esetén nem kell), a felkészítő tanár neve (egyéni pályázó esetén nem kell), egyéni pályázó esetén email címet és telefonszámot kérünk.<br><strong>Határidő: 2025. november 5.</strong><br>A pályázattal kapcsolatban érdeklődhettek a +36 70 353 2230 -os telefonszámon, vagy a<br>muzeumpedagogia@brigetio.hu email címen.</p>
