{"id":4655,"date":"2025-10-09T11:51:30","date_gmt":"2025-10-09T11:51:30","guid":{"rendered":"https:\/\/brigetio.hu\/?post_type=rendezvenyek&#038;p=4655"},"modified":"2025-10-09T11:51:31","modified_gmt":"2025-10-09T11:51:31","slug":"a-ii-vilaghaboru-komarom-es-esztergom-varmegyekben","status":"publish","type":"rendezvenyek","link":"https:\/\/brigetio.hu\/en\/rendezvenyek\/a-ii-vilaghaboru-komarom-es-esztergom-varmegyekben\/","title":{"rendered":"A II. vil\u00e1gh\u00e1bor\u00fa Kom\u00e1rom \u00e9s Esztergom v\u00e1rmegy\u00e9kben"},"content":{"rendered":"","protected":false},"featured_media":4656,"parent":0,"menu_order":0,"template":"","class_list":["post-4655","rendezvenyek","type-rendezvenyek","status-publish","has-post-thumbnail","hentry"],"acf":[],"_links":{"self":[{"href":"https:\/\/brigetio.hu\/en\/wp-json\/wp\/v2\/rendezvenyek\/4655","targetHints":{"allow":["GET"]}}],"collection":[{"href":"https:\/\/brigetio.hu\/en\/wp-json\/wp\/v2\/rendezvenyek"}],"about":[{"href":"https:\/\/brigetio.hu\/en\/wp-json\/wp\/v2\/types\/rendezvenyek"}],"wp:featuredmedia":[{"embeddable":true,"href":"https:\/\/brigetio.hu\/en\/wp-json\/wp\/v2\/media\/4656"}],"wp:attachment":[{"href":"https:\/\/brigetio.hu\/en\/wp-json\/wp\/v2\/media?parent=4655"}],"curies":[{"name":"wp","href":"https:\/\/api.w.org\/{rel}","templated":true}]}}

A II. világháború Komárom és Esztergom vármegyékben
