{"id":4780,"date":"2026-01-27T10:21:48","date_gmt":"2026-01-27T10:21:48","guid":{"rendered":"https:\/\/brigetio.hu\/?post_type=rendezvenyek&#038;p=4780"},"modified":"2026-01-27T10:21:49","modified_gmt":"2026-01-27T10:21:49","slug":"lokalis-vilagok-tarsadalmi-atmenetek-helyi-kozossegek-es-regionalis-terek-tarsadalomtudomanyi-vizsgalata-cimu-konferencia","status":"publish","type":"rendezvenyek","link":"https:\/\/brigetio.hu\/en\/rendezvenyek\/lokalis-vilagok-tarsadalmi-atmenetek-helyi-kozossegek-es-regionalis-terek-tarsadalomtudomanyi-vizsgalata-cimu-konferencia\/","title":{"rendered":"Lok\u00e1lis vil\u00e1gok, t\u00e1rsadalmi \u00e1tmenetek. Helyi k\u00f6z\u00f6ss\u00e9gek \u00e9s region\u00e1lis terek t\u00e1rsadalomtudom\u00e1nyi vizsg\u00e1lata c\u00edm\u0171 konferencia"},"content":{"rendered":"\n<figure class=\"wp-block-image size-large\"><img fetchpriority=\"high\" decoding=\"async\" width=\"724\" height=\"1024\" src=\"https:\/\/brigetio.hu\/wp-content\/uploads\/2026\/01\/Vegleges_konferencia_Del_Komarom-2_page-0001-1-724x1024.jpg\" alt=\"\" class=\"wp-image-4787\" srcset=\"https:\/\/brigetio.hu\/wp-content\/uploads\/2026\/01\/Vegleges_konferencia_Del_Komarom-2_page-0001-1-724x1024.jpg 724w, https:\/\/brigetio.hu\/wp-content\/uploads\/2026\/01\/Vegleges_konferencia_Del_Komarom-2_page-0001-1-212x300.jpg 212w, https:\/\/brigetio.hu\/wp-content\/uploads\/2026\/01\/Vegleges_konferencia_Del_Komarom-2_page-0001-1-768x1086.jpg 768w, https:\/\/brigetio.hu\/wp-content\/uploads\/2026\/01\/Vegleges_konferencia_Del_Komarom-2_page-0001-1-1086x1536.jpg 1086w, https:\/\/brigetio.hu\/wp-content\/uploads\/2026\/01\/Vegleges_konferencia_Del_Komarom-2_page-0001-1-1448x2048.jpg 1448w, https:\/\/brigetio.hu\/wp-content\/uploads\/2026\/01\/Vegleges_konferencia_Del_Komarom-2_page-0001-1-scaled.jpg 1810w\" sizes=\"(max-width: 724px) 100vw, 724px\" \/><\/figure>\n\n\n\n<figure class=\"wp-block-image size-large\"><img decoding=\"async\" width=\"724\" height=\"1024\" src=\"https:\/\/brigetio.hu\/wp-content\/uploads\/2026\/01\/Vegleges_konferencia_Del_Komarom-2_page-0002-1-724x1024.jpg\" alt=\"\" class=\"wp-image-4790\" srcset=\"https:\/\/brigetio.hu\/wp-content\/uploads\/2026\/01\/Vegleges_konferencia_Del_Komarom-2_page-0002-1-724x1024.jpg 724w, https:\/\/brigetio.hu\/wp-content\/uploads\/2026\/01\/Vegleges_konferencia_Del_Komarom-2_page-0002-1-212x300.jpg 212w, https:\/\/brigetio.hu\/wp-content\/uploads\/2026\/01\/Vegleges_konferencia_Del_Komarom-2_page-0002-1-768x1086.jpg 768w, https:\/\/brigetio.hu\/wp-content\/uploads\/2026\/01\/Vegleges_konferencia_Del_Komarom-2_page-0002-1-1086x1536.jpg 1086w, https:\/\/brigetio.hu\/wp-content\/uploads\/2026\/01\/Vegleges_konferencia_Del_Komarom-2_page-0002-1-1448x2048.jpg 1448w, https:\/\/brigetio.hu\/wp-content\/uploads\/2026\/01\/Vegleges_konferencia_Del_Komarom-2_page-0002-1-scaled.jpg 1810w\" sizes=\"(max-width: 724px) 100vw, 724px\" \/><\/figure>\n","protected":false},"featured_media":0,"parent":0,"menu_order":0,"template":"","class_list":["post-4780","rendezvenyek","type-rendezvenyek","status-publish","hentry"],"acf":[],"_links":{"self":[{"href":"https:\/\/brigetio.hu\/en\/wp-json\/wp\/v2\/rendezvenyek\/4780","targetHints":{"allow":["GET"]}}],"collection":[{"href":"https:\/\/brigetio.hu\/en\/wp-json\/wp\/v2\/rendezvenyek"}],"about":[{"href":"https:\/\/brigetio.hu\/en\/wp-json\/wp\/v2\/types\/rendezvenyek"}],"wp:attachment":[{"href":"https:\/\/brigetio.hu\/en\/wp-json\/wp\/v2\/media?parent=4780"}],"curies":[{"name":"wp","href":"https:\/\/api.w.org\/{rel}","templated":true}]}}

Lokális világok, társadalmi átmenetek. Helyi közösségek és regionális terek társadalomtudományi vizsgálata című konferencia
