{"id":3864,"date":"2023-04-26T07:15:35","date_gmt":"2023-04-26T07:15:35","guid":{"rendered":"https:\/\/brigetio.hu\/kiallitasok\/gyorgy-rauscher\/"},"modified":"2023-06-30T13:14:12","modified_gmt":"2023-06-30T13:14:12","slug":"gyorgy-rauscher","status":"publish","type":"kiallitasok","link":"https:\/\/brigetio.hu\/sk\/expozicie\/gyorgy-rauscher\/","title":{"rendered":"Gy\u00f6rgy Rauscher"},"content":{"rendered":"\n<p>Gy\u00f6rgy Rauscher sa narodil v roku 1902 v meste Dorog.<br\/>V roku 1903 sa s rodinou pres\u0165ahovali do Kom\u00e1romu, kde sa jeho otec zamestnal ako hlavn\u00fd lek\u00e1r.<br\/>Gy\u00f6rgy Rauscher za\u010dal \u0161tudova\u0165 ma\u013ebu na benedikt\u00ednskom gymn\u00e1ziu v Kom\u00e1rome u K\u00e1rolyho Harmosa. Nesk\u00f4r \u0161tudoval vo Viedni a v \u0161t\u00fadiu pokra\u010doval v Budape\u0161ti. \u017dil v Par\u00ed\u017ei aj v Berl\u00edne, kde boli jeho umeleck\u00e9 \u00faspechy rovnak\u00e9, najm\u00e4 v berl\u00ednskych elitn\u00fdch filmov\u00fdch kruhoch.  <br\/>Umelec, ktor\u00fd pravidelne vystavoval od roku 1923, zomrel v roku 1930 a jeho hrob sa nach\u00e1dza na \u017eidovskom cintor\u00edne v Kom\u00e1rne na Slovensku.<\/p>\n","protected":false},"featured_media":2681,"template":"","kiallitas-tipus":[30],"class_list":["post-3864","kiallitasok","type-kiallitasok","status-publish","has-post-thumbnail","hentry","kiallitas-tipus-docasna-expozicia"],"acf":[],"_links":{"self":[{"href":"https:\/\/brigetio.hu\/sk\/wp-json\/wp\/v2\/kiallitasok\/3864","targetHints":{"allow":["GET"]}}],"collection":[{"href":"https:\/\/brigetio.hu\/sk\/wp-json\/wp\/v2\/kiallitasok"}],"about":[{"href":"https:\/\/brigetio.hu\/sk\/wp-json\/wp\/v2\/types\/kiallitasok"}],"wp:featuredmedia":[{"embeddable":true,"href":"https:\/\/brigetio.hu\/sk\/wp-json\/wp\/v2\/media\/2681"}],"wp:attachment":[{"href":"https:\/\/brigetio.hu\/sk\/wp-json\/wp\/v2\/media?parent=3864"}],"wp:term":[{"taxonomy":"kiallitas-tipus","embeddable":true,"href":"https:\/\/brigetio.hu\/sk\/wp-json\/wp\/v2\/kiallitas-tipus?post=3864"}],"curies":[{"name":"wp","href":"https:\/\/api.w.org\/{rel}","templated":true}]}}

György Rauscher

<p>György Rauscher sa narodil v roku 1902 v meste Dorog.<br/>V roku 1903 sa s rodinou presťahovali do Komáromu, kde sa jeho otec zamestnal ako hlavný lekár.<br/>György Rauscher začal študovať maľbu na benediktínskom gymnáziu v Komárome u Károlyho Harmosa. Neskôr študoval vo Viedni a v štúdiu pokračoval v Budapešti. Žil v Paríži aj v Berlíne, kde boli jeho umelecké úspechy rovnaké, najmä v berlínskych elitných filmových kruhoch.  <br/>Umelec, ktorý pravidelne vystavoval od roku 1923, zomrel v roku 1930 a jeho hrob sa nachádza na židovskom cintoríne v Komárne na Slovensku.</p>
