{"id":3873,"date":"2023-06-30T14:01:43","date_gmt":"2023-06-30T14:01:43","guid":{"rendered":"https:\/\/brigetio.hu\/?post_type=kiallitasok&#038;p=3873"},"modified":"2026-02-27T12:12:39","modified_gmt":"2026-02-27T12:12:39","slug":"komarom_masodik_vilaghaboru","status":"publish","type":"kiallitasok","link":"https:\/\/brigetio.hu\/sk\/kiallitasok\/komarom_masodik_vilaghaboru\/","title":{"rendered":"Kom\u00e1rom, kom\u00e1romiak, kom\u00e1romi alakulatok a m\u00e1sodik vil\u00e1gh\u00e1bor\u00faban"},"content":{"rendered":"\n<p class=\"has-text-align-left\">Kom\u00e1rom \u201ekatonav\u00e1ros\u201d jelz\u0151je a m\u00e1sodik vil\u00e1gh\u00e1bor\u00fa id\u0151szak\u00e1ra is tal\u00e1l\u00f3. Az 1938-as hadrendi v\u00e1ltoz\u00e1sok miatt az 1939-t\u0151l egys\u00e9ges v\u00e1ros \u00fajra az orsz\u00e1g egyik jelent\u0151s hely\u0151rs\u00e9g\u00e9v\u00e9 v\u00e1lt, ahol a sz\u00e1razf\u00f6ldi hader\u0151nem szinte minden fegyverneme k\u00e9pviseltette mag\u00e1t. Jelent\u0151s\u00e9g\u00e9t j\u00f3l mutatja, hogy a M. kir. sz\u00e9kesfeh\u00e9rv\u00e1ri II. honv\u00e9d hadtest 1940-es kimutat\u00e1sa alapj\u00e1n 24 alakulat, alegys\u00e9g \u00e1llom\u00e1sozott a hely\u0151rs\u00e9g 16 laktany\u00e1j\u00e1ban. A v\u00e1rosban magasabb szervezeti egys\u00e9gek is helyet kaptak, mint p\u00e9ld\u00e1ul a 6. honv\u00e9d gyalogdand\u00e1r parancsnoks\u00e1ga, illetve a katonas\u00e1got kiszolg\u00e1l\u00f3 logisztikai elemek, mint p\u00e9ld\u00e1ul a II. honv\u00e9d t\u00fcz\u00e9r \u00e9s fegyverjav\u00edt\u00f3 m\u0171hely vagy a 2. sz. honv\u00e9d hely\u0151rs\u00e9gi k\u00f3rh\u00e1z. Az egys\u00e9ges v\u00e1ros bevonul\u00e1si k\u00f6zpont lett, melyet a 6. honv\u00e9d kieg\u00e9sz\u00edt\u0151 parancsnoks\u00e1g ir\u00e1ny\u00edtott, illetve a Gesztesi- \u00e9s Kom\u00e1romi j\u00e1r\u00e1s katonai parancsnoks\u00e1ga is itt m\u0171k\u00f6d\u00f6tt. A h\u00e1bor\u00fa alatt a Kom\u00e1romban \u00e1llom\u00e1soz\u00f3 katon\u00e1k l\u00e9tsz\u00e1ma a keleti hadsz\u00ednt\u00e9rre t\u00f6rt\u00e9n\u0151 kivonul\u00e1st megel\u0151z\u0151en volt a legmagasabb. A pontos l\u00e9tsz\u00e1m nem ismert, ugyanis az akt\u00edv \u00e1llom\u00e1ny mellett rengeteg tartal\u00e9k \u00e1llt rendelkez\u00e9sre, illetve a vesztes\u00e9gek p\u00f3tl\u00e1sa is folyamatos volt. A h\u00e1bor\u00fa v\u00e9g\u00e9n m\u00e1s szempontb\u00f3l v\u00e1lt a v\u00e1ros fontos c\u00e9lpontt\u00e1. A strat\u00e9giai l\u00e9gibomb\u00e1z\u00e1s s\u00fajtotta v\u00e1ros a vas\u00fati csom\u00f3pont \u00e9s az olajfinom\u00edt\u00f3k jelent\u0151s\u00e9ge miatt a magyar v\u00e1rosok h\u00e1bor\u00fas k\u00e1rosod\u00e1si rangsor\u00e1ban a 12. helyen szerepel.<\/p>\n\n\n\n<p class=\"has-text-align-left\">Az els\u0151 vil\u00e1gh\u00e1bor\u00fas h\u0151s\u00f6k eml\u00e9ke az eml\u00e9km\u0171vekben, az alakulatt\u00f6rt\u00e9netek korai feldolgoz\u00e1s\u00e1ban, illetve a H\u0151s\u00f6k Napj\u00e1n t\u00f6rt\u00e9n\u0151 megeml\u00e9kez\u00e9seken tov\u00e1bb \u00e9lt. A m\u00e1sodik vil\u00e1gh\u00e1bor\u00fas katon\u00e1kr\u00f3l 1945 ut\u00e1n nem lehetett megfelel\u0151en megeml\u00e9kezni. Az 1970-es \u00e9vekben Nemesk\u00fcrty Istv\u00e1n k\u00f6nyve \u00e9s S\u00e1ra S\u00e1ndor Kr\u00f3nika c\u00edm\u0171 sorozata elkezdte az esem\u00e9nyek feldolgoz\u00e1s\u00e1t, de az igazi \u00e1tt\u00f6r\u00e9st csak a rendszerv\u00e1lt\u00e1s jelentette. Kom\u00e1romban ekkor kezd\u0151dtek a volt M. kir. 22. gyalogezred katon\u00e1inak bajt\u00e1rsi tal\u00e1lkoz\u00f3i, illetve Sz\u00e9n\u00e1ssy Zolt\u00e1nnak a t\u00e9m\u00e1ban 2000-ben megjelent k\u00f6nyve kezdte meg a helyi katon\u00e1k t\u00f6rt\u00e9net\u00e9nek a bemutat\u00e1s\u00e1t. \u0150t k\u00f6vette Rabi Lenke munk\u00e1ss\u00e1ga, aki f\u0151k\u00e9nt az 1944-es bomb\u00e1z\u00e1sok, illetve a helyi esem\u00e9nyek feldolgoz\u00e1s\u00e1t v\u00e9gezte el.<\/p>\n\n\n\n<p class=\"has-text-align-left\">Ez a  ki\u00e1ll\u00edt\u00e1s az 1938-as \u00e9vt\u0151l, amely a v\u00e1ros \u00e9s a honv\u00e9ds\u00e9g t\u00f6rt\u00e9net\u00e9ben is meghat\u00e1roz\u00f3 fordul\u00f3pont volt, eg\u00e9szen az 1940-es \u00e9vek v\u00e9g\u00e9ig, teh\u00e1t a hadifogs\u00e1gb\u00f3l val\u00f3 hazat\u00e9r\u00e9sig foglalja \u00f6ssze a t\u00f6rt\u00e9n\u00e9seket. \u00a0Kom\u00e1rom egy eddig kev\u00e9sb\u00e9 kutatott korszak\u00e1nak polg\u00e1ri \u00e9s katonai esem\u00e9nyeibe ny\u00fajt betekint\u00e9st, a szakirodalmi \u00e9s lev\u00e9lt\u00e1ri kutat\u00e1sok mellett adatk\u00f6zl\u0151ink, az \u00e1ltalunk megkeresettek \u00e9s az \u00e9rintetts\u00e9g\u00fck r\u00e9v\u00e9n felh\u00edv\u00e1sunkra jelentkez\u0151k k\u00f6zrem\u0171k\u00f6d\u00e9s\u00e9vel. C\u00e9lunk az volt, hogy a h\u00e1torsz\u00e1gi esem\u00e9nyek \u00e9s a hely\u0151rs\u00e9gben \u00e1llom\u00e1soz\u00f3 alakulatok bemutat\u00e1s\u00e1val, illetve a v\u00e1rosban elhelyezett eml\u00e9kt\u00e1bl\u00e1k &#8211; amelyek n\u00e9vsorai nem adnak hiteles k\u00e9pet a v\u00e1rost \u00e9rt szem\u00e9lyi vesztes\u00e9gekr\u0151l &#8211; kieg\u00e9sz\u00edt\u00e9sek\u00e9nt \u00e9letrajzok, valamint vesztes\u00e9gi list\u00e1k k\u00f6zl\u00e9s\u00e9vel, m\u00e9lt\u00f3 eml\u00e9ket \u00e1ll\u00edtsunk a korszak \u201eszerepl\u0151inek\u201d.<\/p>\n","protected":false},"featured_media":4733,"template":"","kiallitas-tipus":[6],"class_list":["post-3873","kiallitasok","type-kiallitasok","status-publish","has-post-thumbnail","hentry","kiallitas-tipus-idoszakos-kiallitas"],"acf":[],"_links":{"self":[{"href":"https:\/\/brigetio.hu\/sk\/wp-json\/wp\/v2\/kiallitasok\/3873","targetHints":{"allow":["GET"]}}],"collection":[{"href":"https:\/\/brigetio.hu\/sk\/wp-json\/wp\/v2\/kiallitasok"}],"about":[{"href":"https:\/\/brigetio.hu\/sk\/wp-json\/wp\/v2\/types\/kiallitasok"}],"wp:featuredmedia":[{"embeddable":true,"href":"https:\/\/brigetio.hu\/sk\/wp-json\/wp\/v2\/media\/4733"}],"wp:attachment":[{"href":"https:\/\/brigetio.hu\/sk\/wp-json\/wp\/v2\/media?parent=3873"}],"wp:term":[{"taxonomy":"kiallitas-tipus","embeddable":true,"href":"https:\/\/brigetio.hu\/sk\/wp-json\/wp\/v2\/kiallitas-tipus?post=3873"}],"curies":[{"name":"wp","href":"https:\/\/api.w.org\/{rel}","templated":true}]}}

Komárom, komáromiak, komáromi alakulatok a második világháborúban

<p class="has-text-align-left">Komárom „katonaváros” jelzője a második világháború időszakára is találó. Az 1938-as hadrendi változások miatt az 1939-től egységes város újra az ország egyik jelentős helyőrségévé vált, ahol a szárazföldi haderőnem szinte minden fegyverneme képviseltette magát. Jelentőségét jól mutatja, hogy a M. kir. székesfehérvári II. honvéd hadtest 1940-es kimutatása alapján 24 alakulat, alegység állomásozott a helyőrség 16 laktanyájában. A városban magasabb szervezeti egységek is helyet kaptak, mint például a 6. honvéd gyalogdandár parancsnoksága, illetve a katonaságot kiszolgáló logisztikai elemek, mint például a II. honvéd tüzér és fegyverjavító műhely vagy a 2. sz. honvéd helyőrségi kórház. Az egységes város bevonulási központ lett, melyet a 6. honvéd kiegészítő parancsnokság irányított, illetve a Gesztesi- és Komáromi járás katonai parancsnoksága is itt működött. A háború alatt a Komáromban állomásozó katonák létszáma a keleti hadszíntérre történő kivonulást megelőzően volt a legmagasabb. A pontos létszám nem ismert, ugyanis az aktív állomány mellett rengeteg tartalék állt rendelkezésre, illetve a veszteségek pótlása is folyamatos volt. A háború végén más szempontból vált a város fontos célponttá. A stratégiai légibombázás sújtotta város a vasúti csomópont és az olajfinomítók jelentősége miatt a magyar városok háborús károsodási rangsorában a 12. helyen szerepel.</p>



<p class="has-text-align-left">Az első világháborús hősök emléke az emlékművekben, az alakulattörténetek korai feldolgozásában, illetve a Hősök Napján történő megemlékezéseken tovább élt. A második világháborús katonákról 1945 után nem lehetett megfelelően megemlékezni. Az 1970-es években Nemeskürty István könyve és Sára Sándor Krónika című sorozata elkezdte az események feldolgozását, de az igazi áttörést csak a rendszerváltás jelentette. Komáromban ekkor kezdődtek a volt M. kir. 22. gyalogezred katonáinak bajtársi találkozói, illetve Szénássy Zoltánnak a témában 2000-ben megjelent könyve kezdte meg a helyi katonák történetének a bemutatását. Őt követte Rabi Lenke munkássága, aki főként az 1944-es bombázások, illetve a helyi események feldolgozását végezte el.</p>



<p class="has-text-align-left">Ez a  kiállítás az 1938-as évtől, amely a város és a honvédség történetében is meghatározó fordulópont volt, egészen az 1940-es évek végéig, tehát a hadifogságból való hazatérésig foglalja össze a történéseket.  Komárom egy eddig kevésbé kutatott korszakának polgári és katonai eseményeibe nyújt betekintést, a szakirodalmi és levéltári kutatások mellett adatközlőink, az általunk megkeresettek és az érintettségük révén felhívásunkra jelentkezők közreműködésével. Célunk az volt, hogy a hátországi események és a helyőrségben állomásozó alakulatok bemutatásával, illetve a városban elhelyezett emléktáblák &#8211; amelyek névsorai nem adnak hiteles képet a várost ért személyi veszteségekről &#8211; kiegészítéseként életrajzok, valamint veszteségi listák közlésével, méltó emléket állítsunk a korszak „szereplőinek”.</p>
