{"id":4059,"date":"2023-11-08T12:35:39","date_gmt":"2023-11-08T12:35:39","guid":{"rendered":"https:\/\/brigetio.hu\/?post_type=rendezvenyek&#038;p=4059"},"modified":"2023-11-08T12:35:41","modified_gmt":"2023-11-08T12:35:41","slug":"110-eve-o-szonyben-szuletett-dr-nagy-endre-afrika-vadasz","status":"publish","type":"rendezvenyek","link":"https:\/\/brigetio.hu\/sk\/rendezvenyek\/110-eve-o-szonyben-szuletett-dr-nagy-endre-afrika-vadasz\/","title":{"rendered":"110 \u00c9ve \u00d3-Sz\u0151nyben Sz\u00fcletett Dr. Nagy Endre Afrika-Vad\u00e1sz"},"content":{"rendered":"","protected":false},"featured_media":4060,"parent":0,"menu_order":0,"template":"","class_list":["post-4059","rendezvenyek","type-rendezvenyek","status-publish","has-post-thumbnail","hentry"],"acf":[],"_links":{"self":[{"href":"https:\/\/brigetio.hu\/sk\/wp-json\/wp\/v2\/rendezvenyek\/4059","targetHints":{"allow":["GET"]}}],"collection":[{"href":"https:\/\/brigetio.hu\/sk\/wp-json\/wp\/v2\/rendezvenyek"}],"about":[{"href":"https:\/\/brigetio.hu\/sk\/wp-json\/wp\/v2\/types\/rendezvenyek"}],"wp:featuredmedia":[{"embeddable":true,"href":"https:\/\/brigetio.hu\/sk\/wp-json\/wp\/v2\/media\/4060"}],"wp:attachment":[{"href":"https:\/\/brigetio.hu\/sk\/wp-json\/wp\/v2\/media?parent=4059"}],"curies":[{"name":"wp","href":"https:\/\/api.w.org\/{rel}","templated":true}]}}

110 Éve Ó-Szőnyben Született Dr. Nagy Endre Afrika-Vadász
