{"id":4200,"date":"2024-04-11T11:12:04","date_gmt":"2024-04-11T11:12:04","guid":{"rendered":"https:\/\/brigetio.hu\/?post_type=rendezvenyek&#038;p=4200"},"modified":"2024-04-11T11:12:05","modified_gmt":"2024-04-11T11:12:05","slug":"ujrakezdes-ut-komaromba-cimu-tortenesz-konferencia","status":"publish","type":"rendezvenyek","link":"https:\/\/brigetio.hu\/sk\/rendezvenyek\/ujrakezdes-ut-komaromba-cimu-tortenesz-konferencia\/","title":{"rendered":"\u00dajrakezd\u00e9s. \u00dat Kom\u00e1romba c\u00edm\u0171 t\u00f6rt\u00e9n\u00e9sz konferencia"},"content":{"rendered":"","protected":false},"featured_media":4201,"parent":0,"menu_order":0,"template":"","class_list":["post-4200","rendezvenyek","type-rendezvenyek","status-publish","has-post-thumbnail","hentry"],"acf":[],"_links":{"self":[{"href":"https:\/\/brigetio.hu\/sk\/wp-json\/wp\/v2\/rendezvenyek\/4200","targetHints":{"allow":["GET"]}}],"collection":[{"href":"https:\/\/brigetio.hu\/sk\/wp-json\/wp\/v2\/rendezvenyek"}],"about":[{"href":"https:\/\/brigetio.hu\/sk\/wp-json\/wp\/v2\/types\/rendezvenyek"}],"wp:featuredmedia":[{"embeddable":true,"href":"https:\/\/brigetio.hu\/sk\/wp-json\/wp\/v2\/media\/4201"}],"wp:attachment":[{"href":"https:\/\/brigetio.hu\/sk\/wp-json\/wp\/v2\/media?parent=4200"}],"curies":[{"name":"wp","href":"https:\/\/api.w.org\/{rel}","templated":true}]}}

Újrakezdés. Út Komáromba című történész konferencia
