{"id":4365,"date":"2024-10-07T09:46:31","date_gmt":"2024-10-07T09:46:31","guid":{"rendered":"https:\/\/brigetio.hu\/?post_type=rendezvenyek&#038;p=4365"},"modified":"2024-10-07T09:46:32","modified_gmt":"2024-10-07T09:46:32","slug":"komarom-1956","status":"publish","type":"rendezvenyek","link":"https:\/\/brigetio.hu\/sk\/rendezvenyek\/komarom-1956\/","title":{"rendered":"Kom\u00e1rom 1956"},"content":{"rendered":"\n<p>A forradalom \u00e9s szabads\u00e1gharc kom\u00e1romi esem\u00e9nyeir\u0151l k\u00e9sz\u00edtett ki\u00e1ll\u00edt\u00e1s, a r\u00e9sztvev\u0151k, a szemtan\u00fak, az \u00fcgy\u00e9szs\u00e9gi \u00e9s katonai forr\u00e1sok alapj\u00e1n 2024 okt\u00f3ber\u00e9ben l\u00e1togathat\u00f3<\/p>\n\n\n\n<p><\/p>\n","protected":false},"featured_media":4366,"parent":0,"menu_order":0,"template":"","class_list":["post-4365","rendezvenyek","type-rendezvenyek","status-publish","has-post-thumbnail","hentry"],"acf":[],"_links":{"self":[{"href":"https:\/\/brigetio.hu\/sk\/wp-json\/wp\/v2\/rendezvenyek\/4365","targetHints":{"allow":["GET"]}}],"collection":[{"href":"https:\/\/brigetio.hu\/sk\/wp-json\/wp\/v2\/rendezvenyek"}],"about":[{"href":"https:\/\/brigetio.hu\/sk\/wp-json\/wp\/v2\/types\/rendezvenyek"}],"wp:featuredmedia":[{"embeddable":true,"href":"https:\/\/brigetio.hu\/sk\/wp-json\/wp\/v2\/media\/4366"}],"wp:attachment":[{"href":"https:\/\/brigetio.hu\/sk\/wp-json\/wp\/v2\/media?parent=4365"}],"curies":[{"name":"wp","href":"https:\/\/api.w.org\/{rel}","templated":true}]}}

Komárom 1956

<p>A forradalom és szabadságharc komáromi eseményeiről készített kiállítás, a résztvevők, a szemtanúk, az ügyészségi és katonai források alapján 2024 októberében látogatható</p>



<p></p>
