{"id":4475,"date":"2025-02-18T10:31:19","date_gmt":"2025-02-18T10:31:19","guid":{"rendered":"https:\/\/brigetio.hu\/?post_type=rendezvenyek&#038;p=4475"},"modified":"2025-04-07T12:35:47","modified_gmt":"2025-04-07T12:35:47","slug":"jokai-emlekev","status":"publish","type":"rendezvenyek","link":"https:\/\/brigetio.hu\/sk\/rendezvenyek\/jokai-emlekev\/","title":{"rendered":"J\u00f3kai eml\u00e9k\u00e9v"},"content":{"rendered":"\n<p>\u00c1prilis 18-t\u00f3l: J\u00f3kai M\u00f3r \u00e9lete k\u00e9pekben<\/p>\n\n\n\n<p>\u00c1prilis 28. 10-14 \u00f3r\u00e1ig: T\u00f6rt\u00e9n\u00e9sz konferencia<\/p>\n\n\n\n<p>M\u00e1jus 21. 17 \u00f3ra: J\u00f3kai M\u00f3r eml\u00e9kezete id\u0151szaki ki\u00e1ll\u00edt\u00e1s megnyit\u00f3ja<\/p>\n\n\n\n<p>M\u00e1jus 27. 16 \u00f3ra: J\u00f3kai eml\u00e9kek nyom\u00e1ban &#8211; s\u00e9ta \u00c9szak-Kom\u00e1romban<\/p>\n\n\n\n<p>J\u00fanius 21 16-24 \u00f3r\u00e1ig: M\u00fazeumok \u00c9jszak\u00e1ja, J\u00f3kai-mes\u00e9k<\/p>\n","protected":false},"featured_media":4502,"parent":0,"menu_order":0,"template":"","class_list":["post-4475","rendezvenyek","type-rendezvenyek","status-publish","has-post-thumbnail","hentry"],"acf":[],"_links":{"self":[{"href":"https:\/\/brigetio.hu\/sk\/wp-json\/wp\/v2\/rendezvenyek\/4475","targetHints":{"allow":["GET"]}}],"collection":[{"href":"https:\/\/brigetio.hu\/sk\/wp-json\/wp\/v2\/rendezvenyek"}],"about":[{"href":"https:\/\/brigetio.hu\/sk\/wp-json\/wp\/v2\/types\/rendezvenyek"}],"wp:featuredmedia":[{"embeddable":true,"href":"https:\/\/brigetio.hu\/sk\/wp-json\/wp\/v2\/media\/4502"}],"wp:attachment":[{"href":"https:\/\/brigetio.hu\/sk\/wp-json\/wp\/v2\/media?parent=4475"}],"curies":[{"name":"wp","href":"https:\/\/api.w.org\/{rel}","templated":true}]}}

Jókai emlékév

<p>Április 18-tól: Jókai Mór élete képekben</p>



<p>Április 28. 10-14 óráig: Történész konferencia</p>



<p>Május 21. 17 óra: Jókai Mór emlékezete időszaki kiállítás megnyitója</p>



<p>Május 27. 16 óra: Jókai emlékek nyomában &#8211; séta Észak-Komáromban</p>



<p>Június 21 16-24 óráig: Múzeumok Éjszakája, Jókai-mesék</p>
